(-4). Give t(h).
-3
Let l(w) be the second derivative of 5*w**4/12 + w**3/3 - w**2/2 - w. Let b = 11 + -7. Suppose -3*g - 5*n = -2*g - 6, 5*n = -b*g + 9. Give l(g).
6
Let c be 2/(-9) - (-33)/27. Let g(r) = 32*r**2 + 8*r + 3. Suppose -31 + 9 = -2*d. Let a(z) = -11*z**2 - 3*z - 1. Let n(l) = d*a(l) + 4*g(l). Determine n(c).
7
Let k(f) = 0 - 3 - 7*f + f**3 + 4*f**2 + 0. Suppose u = -3*u - 20. Determine k(u).
7
Suppose 2*l + 3*n + 18 = 0, 3*l + n = -25 + 5. Let j(d) be the third derivative of -d**5/60 - 5*d**4/24 + 2*d**3/3 - d**2 - d. Give j(l).
-2
Suppose 2*p - 4 = 4*p. Let t(o) = -o**3 + o**2 + 2. Give t(p).
14
Let b(x) = -x + 7. Suppose 0 = -2*g + 1 + 11. What is b(g)?
1
Let m(z) = z + 3. Let b be 1/(24/20 - 1). Determine m(b).
8
Let n(m) = 3*m - 4. Let q(k) = -48*k + 63. Let w(f) = -33*n(f) - 2*q(f). Let y be 4/(-12)*15/(-1). Let c = -1 + y. Give w(c).
-6
Let c(f) = -f**2 + f - 2. Let k(w) = -2*w + 5*w - 2*w. Let n(s) = c(s) + k(s). Suppose 2*d = 0, -2*d - 3*d = -2*o + 6. Give n(o).
-5
Let a(u) = u**3 + 92 + 104 - 213. Give a(0).
-17
Let g(n) = n**3 - 4*n**2 - 4*n - 3. Let k(i) = 10*i**2 - i + 1. Let h be k(1). Suppose -5*p = h, 5*p + 8 = 5*z - 27. Calculate g(z).
2
Let l(x) = -x**2 - 4*x - 3. Suppose 4*m - 6 = 7*m. What is l(m)?
1
Let a(w) = -w**2 - 5*w + 4. Let h(i) = -i**2 - i + 1. Let p(d) = a(d) - 2*h(d). Give p(2).
0
Let s(r) = 3*r**2 + 13*r - 13. Let w(j) = 2*j**2 + 7*j - 7. Let l(g) = -3*s(g) + 5*w(g). Let b(f) = -f. Let h be b(-4). Give l(h).
4
Let n = -13 - -15. Let f(u) = -u**3 - 2*u**2 + 2*u + 1. Determine f(n).
-11
Let v(c) be the third derivative of -1/40*c**5 - 1/24*c**4 + 0 - c**2 + 0*c - 1/3*c**3. Let b(m) be the first derivative of v(m). Determine b(2).
-7
Let t(c) = 9*c**3 - c**2 - c - 1. Let h(o) = -45*o**3 + 6*o**2 + 5*o + 6. Let z(g) = 2*h(g) + 11*t(g). Determine z(1).
10
Suppose z + 8 = 5*z. Let c(u) = -1 + 1 + 4*u + 3 - z. What is c(-2)?
-7
Let z(j) be the third derivative of j**5/60 - j**4/12 + 2*j**3/3 + 21*j**2. Give z(5).
19
Let q(m) = m - 5. Let n be q(4). Let a be (1 - -1 - 6)*n. Let y(o) = 2*o - 4. Give y(a).
4
Let x(j) be the third derivative of -j**7/1260 - j**6/720 + j**4/12 + j**2. Let i(y) be the second derivative of x(y). Determine i(-2).
-6
Suppose 0 = -2*u + 2*x, -7 + 3 = u - 2*x. Suppose u - 16 = 3*n. Let z(h) = 2*h**2 + 7*h + 5. Determine z(n).
9
Let f(z) be the second derivative of z**3/6 - 8*z**2 - 9*z. Determine f(0).
-16
Let w(u) = -u - 1. Let b(i) = -2*i**2 - 5*i - 2. Let g(m) = b(m) - 4*w(m). Give g(2).
-8
Suppose 12 = -4*c + 2*c. Let n(d) = -d. Let f(a) = -2*a - 7. Let p(m) = -f(m) + n(m). Calculate p(c).
1
Let s(g) = g + 5. Let x be s(-4). Let l(z) be the third derivative of 0*z + 7/60*z**5 + 0 - 1/6*z**3 + 1/24*z**4 - 2*z**2. Give l(x).
7
Let a(x) be the second derivative of -x**6/360 + x**5/120 + x**4/24 + x**3/3 - x. Let v(m) be the second derivative of a(m). Calculate v(1).
1
Let l be ((-9)/15)/((-3)/45). Let s(t) = 0 + 5 - l - t**3 - 5*t + 6*t**2. Give s(5).
-4
Let l(u) = -2*u - 13. Let d be l(-8). Let z(k) be the second derivative of d*k + 0 + 1/12*k**4 - 1/2*k**3 - 3/2*k**2. What is z(-2)?
7
Let z = -23 - -26. Let b(n) be the third derivative of -1/120*n**6 + 0*n**3 + 0*n + 0 - 2*n**2 + 1/30*n**5 + 1/24*n**4. Calculate b(z).
-6
Let a(y) be the first derivative of 5*y**3/3 - y**2/2 + 2. Determine a(1).
4
Let t(x) = -4*x. Let f be (-6)/4 - (-2)/4. Let u(n) = 1. Let d(p) = f*t(p) - 3*u(p). Let o = -2 - -4. Calculate d(o).
5
Suppose -4*a + 3*a = 0. Let o(p) = 9*p + 18. Suppose -6*c - 28 = -2*c. Let b(w) = -5*w - 9. Let k(v) = c*b(v) - 4*o(v). Give k(a).
-9
Let c(w) be the first derivative of -3*w**2 - 2*w + 6. Let u(m) = 1. Let o(a) = -c(a) - 2*u(a). Calculate o(2).
12
Let s(q) = q + 7. Let n be s(-3). Suppose -4*a = -2*u - 16, a + u + 14 = n*a. Let f(l) = -l**3 + 5*l**2 + 8*l - 6. Determine f(a).
6
Let d(w) be the third derivative of w**6/360 - w**5/24 - 7*w**4/24 + w**3/3 - 3*w**2. Let q(z) be the first derivative of d(z). Determine q(5).
-7
Let i(o) = -4*o**3 - 5*o**2 + 4*o + 11. Let p(z) = -z**3 + z**2 + z + 1. Let d(m) = -i(m) + 3*p(m). Determine d(-8).
0
Let v(f) = -f + 5. Suppose g - o - o = 11, -30 = -5*g + 5*o. Let n(u) = -4*u**3 + u**2 - 2*u + 1. Let l be n(g). Determine v(l).
9
Let w(u) be the third derivative of 1/60*u**5 - 1/4*u**4 + 0 + 3*u**2 + 0*u - u**3. Determine w(6).
-6
Let i(u) be the third derivative of -u**4/24 + u**3/3 + 12*u**2. Determine i(1).
1
Let a(l) be the second derivative of l**7/840 - l**6/180 + l**5/120 + l**3/2 - 3*l. Let x(g) be the second derivative of a(g). Determine x(2).
2
Let s be (-3 - -5) + 0 + 1. Let a(j) be the second derivative of 0 - 2/3*j**s - 1/2*j**2 + 2*j + 1/12*j**4. Determine a(5).
4
Let o(h) = h**3 + 6*h**2 - 8*h. Suppose -4*w - 28 = -0*w. Calculate o(w).
7
Suppose -4*s + 11 = 27. Let m(p) = p**2 + 5*p + 1. Calculate m(s).
-3
Suppose 4*t + 1 = -2*r - 7, 2*t = -6. Let f(s) be the second derivative of -r*s + 5/6*s**3 + s**2 + 1/12*s**4 + 0. Calculate f(-5).
2
Let t(a) be the first derivative of -a**4/12 + a**3/6 - a**2/2 + 2*a - 5. Let l(f) be the first derivative of t(f). Let h be (-8)/(-3) - 4/6. Determine l(h).
-3
Suppose -2*u + 3*g + 6 = -1, -2*u + 14 = 4*g. Let t(j) = -j - 2. Give t(u).
-7
Suppose -6 + 2 = -4*h. Let w(z) = -1 + 4 - 4 - 12*z + 2*z. What is w(h)?
-11
Let y be 8 - (-5)/((-15)/9). Suppose -3*g = 2*g - y. Let v(h) = 9*h**3 + 2*h**2 - 1. Determine v(g).
10
Let d = 2 + 7. Suppose 0 = h - 4*h + d. Let z(c) = -3*c + 4 + 3*c**2 - 2*c**2 + 0. Give z(h).
4
Suppose -n + 3*x - 5 = 6, 0 = -n - 5*x + 29. Let z(d) be the third derivative of -3*d**2 + 0*d + 0 - 1/2*d**3 + 1/24*d**4. Determine z(n).
1
Let v(f) = -2*f + 4 + f + 3*f. What is v(-5)?
-6
Let u be 2/(-5) + 56/(-35). Let s(q) be the third derivative of 1/30*q**5 + 0 + q**2 + 1/12*q**4 + 0*q + 0*q**3. Give s(u).
4
Let o(n) = n**2 - 4*n + 1. Let d = 7 + -1. Determine o(d).
13
Let b(l) be the second derivative of -3*l - 1/6*l**3 + 0 + 7/2*l**2. Determine b(0).
7
Suppose -3*v - 1 = s + 3, 5*s + 20 = 0. Let m(n) = -4*n**2 + n - 1. Let y(p) = p**2 + 1. Let d(o) = -m(o) - 5*y(o). Calculate d(v).
-4
Let x(r) be the second derivative of r**5/20 - r**4/3 + r**3/6 - 2*r**2 - 15*r. What is x(3)?
-10
Let s(g) = g**2 - 3*g - 4. Let l be s(4). Suppose l = -0*m + 4*m. Let u(t) = 2*t**2 - t + 2. Let h(o) = -o**2 + o - 1. Let y(c) = h(c) + u(c). What is y(m)?
1
Suppose 51 = 12*f - 9. Let l(s) = 3*s + 2. Determine l(f).
17
Suppose -5*c + 7 = -33. Let f be (c/(-3) - -2)*3. Let s(p) be the second derivative of -p**4/12 - 4*p. What is s(f)?
-4
Let h(j) = -8*j - 30. Let r be h(-4). Let x(t) be the third derivative of 0*t + 1/12*t**5 + 0 - 1/6*t**3 - 1/120*t**6 + 1/24*t**4 + r*t**2. What is x(5)?
4
Let v(l) = -6*l - 4. Let x be 3*(-4)/(-8)*-2. Give v(x).
14
Let h(u) = 8*u**2 - 5*u + 4. Let p be h(2). Let l = -20 + p. Let s(q) = -q**3 + 6*q**2 + 3*q - 8. Calculate s(l).
10
Let z(y) be the second derivative of y**4/6 - 2*y**3/3 + y. Let k(d) be the second derivative of -d**3/3 - 3*d**2/2 - 3*d. Let l be k(-3). Give z(l).
6
Let o(j) = j**2 - 2*j. Let q(n) = -n**2 + 2*n - 1. Let r(m) = -2*o(m) - 3*q(m). Let f = 5 + -1. Give r(f).
11
Let o(u) = -u**2 - u - 1. Let r(i) = -26*i**2 - 3*i - 4. Let p(y) = 5*o(y) - r(y). Determine p(-1).
22
Let k be 2 + 3 + 1 + -2. Suppose -3*q + 4*v = -17 - 18, -3*q - k*v - 5 = 0. Let x(h) be the first derivative of h**4/4 - 5*h**3/3 + 5*h + 5. Determine x(q).
5
Let t(o) = -o**3 - 6. Let r(d) = -d**3. Suppose -9*w + 15 = -4*w. Suppose 0 = -w*x - 2*x. Let v be r(x). Determine t(v).
-6
Let a(d) be the second derivative of -d**3/6 - 26*d. Determine a(1).
-1
Suppose -2*m + 18 = m. Suppose m = -j - 2*j. Let k(n) = -n. Determine k(j).
2
Let i(h) = 6*h**3 - h**2 + 4*h + 5. Let j(k) = 7*k**3 - k**2 + 5*k + 6. Let d(f) = -6*i(f) + 5*j(f). Let p be d(0). Let o(s) = s + 3. Give o(p).
3
Let f(z) = z**2 - 3*z + 6. Let l(b) = 2*b**2 - 7*b + 11. Let q(u) = -5*f(u) + 3*l(u). What is q(7)?
10
Let g(a) = a**2 - 3*a - 3. Let r be g(3). Let o(m) = -m**2 - 2*m + 3. Calculate o(r).
0
Let c(g) = -g**2 + 2*g + 4. Let u be (0 - -1)*1 - -5. Let r be 4/(-6) + 28/u. Determine c(r).
-4
Let v(m) = m**2 - 3*m - 2. Let g = -4 - 2. Let h be (-144)/(-14) + g/21. Let c be (12/10)/(4/h). Determine v(c).
-2
